{"id":3810,"date":"2023-10-20T18:45:05","date_gmt":"2023-10-20T16:45:05","guid":{"rendered":"http:\/\/www.gemeinde-gottes-kirchberg.de\/?page_id=3810"},"modified":"2023-10-20T18:45:06","modified_gmt":"2023-10-20T16:45:06","slug":"was-wir-glauben","status":"publish","type":"page","link":"https:\/\/www.gemeinde-gottes-kirchberg.de\/?page_id=3810","title":{"rendered":"Was wir glauben"},"content":{"rendered":"\n<h2 class=\"wp-block-heading\"><strong>Gott<\/strong><\/h2>\n\n\n\n<p>Wir glauben an den Dreieinigen Gott, der sich als Vater, Sohn und Heiligen Geist offenbart <sup>1<\/sup>. Gott ist ewig, vollkommen in Heiligkeit und Gerechtigkeit und wandelt sich nicht.<sup>2 3<\/sup><\/p>\n\n\n\n<p class=\"has-text-align-left\"><sup>1  &#8211;  Matth\u00e4us 28, 19<br>2  &#8211;  5. Mose 32, 3-4 <br>3  &#8211;  Jakobus 1, 17<\/sup><\/p>\n\n\n\n<h2 class=\"wp-block-heading\"><strong>Gottes Wort<\/strong><\/h2>\n\n\n\n<p>Wir glauben an die Unfehlbarkeit des Wortes Gottes. Jede geschichtliche Erz\u00e4hlung als auch jeder theologische Inhalt ist unanfechtbar. Sowohl die Tatsache, dass Gott die Welt in sechs Tagen geschaffen hat, Jesus von einer Jungfrau geboren wurde, als auch die Tatsache, dass Jesus wiederkommen wird. Es wurde von Gottes Geist inspiriert und Gott selbst wacht \u00fcber sein ewiges Wort! <sup>4 5 <\/sup><\/p>\n\n\n\n<p><sup>4  &#8211;  2. Petrus 1, 19-21  <br>5  &#8211;  2. Timotheus 3, 16-17<\/sup><\/p>\n\n\n\n<h2 class=\"wp-block-heading\"><strong>Der Mensch<\/strong><\/h2>\n\n\n\n<p>Wir glauben, dass Gott den Menschen schuf, um mit ihm in einer Gemeinschaft zu leben. Dazu schuf Gott den Menschen nach seinem Ebenbild und setzte ihn \u00fcber die Sch\u00f6pfung. <sup>6<\/sup> Aber der Mensch verstie\u00df gegen das einzige Gebot Gottes <sup>7<\/sup> und ist aufgrund der S\u00fcnde zu ewigem Tod verdammt. <sup>8<\/sup> Jeder Mensch verdient aufgrund seiner Verfehlungen und S\u00fcnden den ewigen Tod! <sup>9<\/sup><\/p>\n\n\n\n<p><sup>6  &#8211;  1. Mose 1, 26-27 <br>7  &#8211;  1. Mose 3, 1-6  <br>8  &#8211;  R\u00f6mer 6, 23<br>9  &#8211;  R\u00f6mer 3, 9-20<\/sup><\/p>\n\n\n\n<h2 class=\"wp-block-heading\"><strong>Der Heilsplan<\/strong><\/h2>\n\n\n\n<p>Wir glauben, dass Gott aufgrund seiner ewigen Liebe und Barmherzigkeit in Jesus Christus selbst Mensch wurde, um f\u00fcr unsere S\u00fcnden am Kreuz zu sterben. <sup>10<\/sup> <sup>11<\/sup> <sup>12<\/sup> Nur das makellose Blut Jesu ist in der Lage, uns von unserer Schuld und S\u00fcnde rein zu waschen! <sup>13<\/sup> Aus diesem Grund kam Jesus auf dieser Erde, um das Leben zu f\u00fchren, das Gott von uns w\u00fcnschte. Er war und blieb ohne S\u00fcnde und ging als Gerechter f\u00fcr die Ungerechten ans Kreuz, um unsere S\u00fchnung zu erwirken. <sup>14 15<\/sup> Durch seine Auferstehung wurde der Heilsplan erf\u00fcllt und ewiges Leben f\u00fcr jeden Menschen erm\u00f6glicht. <sup>16<\/sup><\/p>\n\n\n\n<p><sup>10  &#8211;  Johannes 1, 14<br>11  &#8211;  Johannes 3, 16 <br>12  &#8211;  Philipper 2, 6-8 <br>13  &#8211;  Hebr\u00e4er 7, 26-27<br>14  &#8211;  Hebr\u00e4er 4, 15 <br>15  &#8211;  2. Korinther 5, 21<br>16  &#8211;  1. Petrus 1, 3<\/sup><\/p>\n\n\n\n<h2 class=\"wp-block-heading\"><strong>Die Gnade<\/strong><\/h2>\n\n\n\n<p>Wir glauben, dass der Mensch allein durch den Glauben ohne eigenes Zutun gerettet werden kann. Es ist allein die Gnade Gottes, die alle Menschen zum Heil zieht und die als Geschenk Gottes angenommen werden kann. <sup>17 18 19 20<\/sup><\/p>\n\n\n\n<p><sup>17  &#8211;  Apostelgeschichte 15, 11 <br>18  &#8211;  R\u00f6mer 3, 24-25 <br>19  &#8211;  Galater 2, 16<br>20  &#8211;  Epheser 2, 8<\/sup><\/p>\n\n\n\n<h2 class=\"wp-block-heading\"><strong>Die Rettung<\/strong><\/h2>\n\n\n\n<p>Wir glauben, wenn wir unsere S\u00fcnden bereuen und bekennen und Jesus als unseren Retter annehmen, wir mit Gott vers\u00f6hnt werden. Die Bibel spricht von der Wiedergeburt oder einer &#8222;neuen Sch\u00f6pfung&#8220; oder einem &#8222;neuen Herz und einem neuen Geist&#8220;.  <sup>21 22 23 24<\/sup> Weil Jesus bereits f\u00fcr unsere S\u00fcnde geb\u00fc\u00dft hatte, werden wir freigesprochen von der Strafe f\u00fcr unsere S\u00fcnden (Rechtfertigung vor Gott). <sup>25<\/sup> Als Beweis unserer Annahme als Kinder Gottes, bekommen wir den Heiligen Geist. <sup>26<\/sup> Er bezeugt uns pers\u00f6nlich die Kindschaft <sup>27 28<\/sup><\/p>\n\n\n\n<p><sup>21  &#8211;  Hesekiel 36, 26-27<br>22  &#8211;  Apostelgeschichte 3, 19<br>23  &#8211;  1. Petrus 1, 23<br>24  &#8211;  2. Korinther 5, 17<br>25  &#8211;  Kolosser 2, 13-14<br>26  &#8211;  Epheser 1, 13-14 <br>27  &#8211;  R\u00f6mer 8, 14-17<br>28  &#8211;  1. Korinther 3, 16<\/sup><\/p>\n\n\n\n<h2 class=\"wp-block-heading\"><strong>Taufe<\/strong><\/h2>\n\n\n\n<p>Mit der Taufe bezeugen wir unsere Erfahrung der Wiedergeburt und bekennen uns \u00f6ffentlich als Nachfolger Jesu. <sup>29 30 31<\/sup><\/p>\n\n\n\n<p><sup>29  &#8211;  Matth\u00e4us 28, 19-20<br>39  &#8211;  R\u00f6mer 6, 3-4 <br>31  &#8211;  1. Petrus 3, 2<\/sup><\/p>\n\n\n\n<h2 class=\"wp-block-heading\"><strong>Heiligung<\/strong><\/h2>\n\n\n\n<p>Wir glauben, dass die Heiligung der Wille Gottes f\u00fcr seine Kinder ist, weil Gott selbst heilig ist <sup>32<\/sup>. Diese beginnt bei unserer Wiedergeburt, indem wir von unseren S\u00fcnden gereinigt werden. <sup>33<\/sup> Gott m\u00f6chte, dass wir uns von S\u00fcnden trennen und uns von innen nach au\u00dfen ver\u00e4ndern lassen. Dies kann nur mit unserem Einverst\u00e4ndnis geschehen, indem wir unser Leben Gott vollkommen weihen und tagt\u00e4glich nach dem Willen Gottes fragen. Gottes Wille beinhaltet die stetige Umgestaltung in das Ebenbild Jesu durch die Ver\u00e4nderung unseres Charakters und Wesens. <sup>34 35 36<\/sup><\/p>\n\n\n\n<p><sup>32  &#8211;  1. Petrus 1, 16<br>33  &#8211;  1. Korinther 6, 11b<br>34  &#8211;  R\u00f6mer 8, 29-30<br>35  &#8211;  R\u00f6mer 12, 1<br>36  &#8211;  2. Korinther 7, 1<\/sup><\/p>\n\n\n\n<h2 class=\"wp-block-heading\"><strong>Jesu Wiederkunft<\/strong><\/h2>\n\n\n\n<p>Wir glauben an die Wiederkunft Jesu. <sup>37<\/sup> Alle lebenden und verstorbenen Kinder Gottes werden am letzten Tag zu Christus entr\u00fcckt. <sup>38<\/sup> Alle anderen Menschen kommen in das Gericht, wo sie auf ewig verdammt werden, auf Grund ihres Unglaubens an Jesus Christus. <sup>39 40 41<\/sup><\/p>\n\n\n\n<p><sup>37  &#8211;  Lukas 21, 27-28<br>38  &#8211;  1. Thessalonicher 4, 16-17<br>39  &#8211;  Matth\u00e4us 16, 27<br>40  &#8211;  Matth\u00e4us 25, 31-33<br>41  &#8211;  Offenbarung 20, 11-13<\/sup><\/p>\n\n\n\n<h2 class=\"wp-block-heading\"><strong>Verordnungen<\/strong><\/h2>\n\n\n\n<p>Wir glauben, dass Jesus seine Nachfolger auffordert, dass jede christliche Gemeinschaft auch in seinem Gedenken in Form des Abendmahls an seinen Opfertod gedenken soll. <sup>42 43 44 45<\/sup> Aus diesem Grund halten wir das Abendmahl und die Fu\u00dfwaschung im Gedenken an seinen Opfertod und sein Leben in dem Dienst. <sup>46<\/sup><\/p>\n\n\n\n<p><sup>42  &#8211;  Lukas 22, 19-20 <br>43  &#8211;  Apostelgeschichte 2, 42 <br>44  &#8211;  Apostelgeschichte 20, 7 <br>45  &#8211;  1. Korinther 10, 16<br>46  &#8211;  Johannes 13, 12-17<\/sup><\/p>\n","protected":false},"excerpt":{"rendered":"<p>Gott Wir glauben an den Dreieinigen Gott, der sich als Vater, Sohn und Heiligen Geist offenbart 1. Gott ist ewig, vollkommen in Heiligkeit und Gerechtigkeit und wandelt sich nicht.2 3 1 &#8211; Matth\u00e4us 28, 192 &#8211; 5. Mose 32, 3-4 3 &#8211; Jakobus 1, 17 Gottes Wort Wir glauben an die Unfehlbarkeit des Wortes Gottes. [&hellip;]<\/p>\n","protected":false},"author":11,"featured_media":3266,"parent":0,"menu_order":0,"comment_status":"closed","ping_status":"closed","template":"","meta":{"_uag_custom_page_level_css":"","ngg_post_thumbnail":0,"_mc_calendar":[],"footnotes":""},"class_list":["post-3810","page","type-page","status-publish","has-post-thumbnail","hentry"],"uagb_featured_image_src":{"full":["https:\/\/www.gemeinde-gottes-kirchberg.de\/wp-content\/uploads\/2022\/01\/book-gc5deff0bb_1920.jpg",1920,1010,false],"thumbnail":["https:\/\/www.gemeinde-gottes-kirchberg.de\/wp-content\/uploads\/2022\/01\/book-gc5deff0bb_1920-150x150.jpg",150,150,true],"medium":["https:\/\/www.gemeinde-gottes-kirchberg.de\/wp-content\/uploads\/2022\/01\/book-gc5deff0bb_1920-300x158.jpg",300,158,true],"medium_large":["https:\/\/www.gemeinde-gottes-kirchberg.de\/wp-content\/uploads\/2022\/01\/book-gc5deff0bb_1920-768x404.jpg",768,404,true],"large":["https:\/\/www.gemeinde-gottes-kirchberg.de\/wp-content\/uploads\/2022\/01\/book-gc5deff0bb_1920-1024x539.jpg",1024,539,true],"1536x1536":["https:\/\/www.gemeinde-gottes-kirchberg.de\/wp-content\/uploads\/2022\/01\/book-gc5deff0bb_1920-1536x808.jpg",1536,808,true],"2048x2048":["https:\/\/www.gemeinde-gottes-kirchberg.de\/wp-content\/uploads\/2022\/01\/book-gc5deff0bb_1920.jpg",1920,1010,false]},"uagb_author_info":{"display_name":"daa","author_link":"https:\/\/www.gemeinde-gottes-kirchberg.de\/?author=11"},"uagb_comment_info":0,"uagb_excerpt":"Gott Wir glauben an den Dreieinigen Gott, der sich als Vater, Sohn und Heiligen Geist offenbart 1. Gott ist ewig, vollkommen in Heiligkeit und Gerechtigkeit und wandelt sich nicht.2 3 1 &#8211; Matth\u00e4us 28, 192 &#8211; 5. Mose 32, 3-4 3 &#8211; Jakobus 1, 17 Gottes Wort Wir glauben an die Unfehlbarkeit des Wortes Gottes.&hellip;","_links":{"self":[{"href":"https:\/\/www.gemeinde-gottes-kirchberg.de\/index.php?rest_route=\/wp\/v2\/pages\/3810","targetHints":{"allow":["GET"]}}],"collection":[{"href":"https:\/\/www.gemeinde-gottes-kirchberg.de\/index.php?rest_route=\/wp\/v2\/pages"}],"about":[{"href":"https:\/\/www.gemeinde-gottes-kirchberg.de\/index.php?rest_route=\/wp\/v2\/types\/page"}],"author":[{"embeddable":true,"href":"https:\/\/www.gemeinde-gottes-kirchberg.de\/index.php?rest_route=\/wp\/v2\/users\/11"}],"replies":[{"embeddable":true,"href":"https:\/\/www.gemeinde-gottes-kirchberg.de\/index.php?rest_route=%2Fwp%2Fv2%2Fcomments&post=3810"}],"version-history":[{"count":28,"href":"https:\/\/www.gemeinde-gottes-kirchberg.de\/index.php?rest_route=\/wp\/v2\/pages\/3810\/revisions"}],"predecessor-version":[{"id":3839,"href":"https:\/\/www.gemeinde-gottes-kirchberg.de\/index.php?rest_route=\/wp\/v2\/pages\/3810\/revisions\/3839"}],"wp:featuredmedia":[{"embeddable":true,"href":"https:\/\/www.gemeinde-gottes-kirchberg.de\/index.php?rest_route=\/wp\/v2\/media\/3266"}],"wp:attachment":[{"href":"https:\/\/www.gemeinde-gottes-kirchberg.de\/index.php?rest_route=%2Fwp%2Fv2%2Fmedia&parent=3810"}],"curies":[{"name":"wp","href":"https:\/\/api.w.org\/{rel}","templated":true}]}}